t v be (-26)/(3/(a/(-4))). Suppose -4*p + v + 0 = 3*m, 12 = 5*m - 3*p. What are the prime factors of m?
3
Suppose -30 = -10*c + 440. List the prime factors of c.
47
Let k be 2/(-4)*2*-5. Suppose 123 = k*m + g, -5*m - 5*g + 25 + 110 = 0. What are the prime factors of m?
2, 3
Suppose -6*i + 8 = -2*i. Suppose -5*z - 55 = -3*y, -3*z + 5 = i*z. Suppose -5*n = 4*b - 34, 0 = 2*b - 7*b - y. What are the prime factors of n?
2, 5
Let s be 172/(-12) + 1/3. Let f = s - -27. Suppose 5*a - 5*g + 10 = 0, -3*a - 5*g - f = -47. What are the prime factors of a?
3
Suppose 3*j = -6*j + 621. List the prime factors of j.
3, 23
Let z = -8 - -5. Let a = z - -3. Suppose 2*k + 0*p + 4*p - 6 = a, -1 = p. List the prime factors of k.
5
Let g(y) = y**3 + 7*y**2 - 8*y - 4. Let f be g(-8). List the prime factors of (-77)/f - (-8)/(-32).
19
Let k be (-34)/17 + 0 + 2. Suppose 4*o = a + 49 + 30, 5*o + 4*a - 104 = k. What are the prime factors of o?
2, 5
Let f(o) = -6*o - 4. What are the prime factors of f(-5)?
2, 13
Let y(l) = -8*l**2 - l + 2. Let n be y(-2). What are the prime factors of (n/3)/(16/(-24))?
2, 7
Let o(c) = c**3 + 2*c. Let q be o(3). Let j = q + -8. List the prime factors of j.
5
Suppose -3*v = -q + 56, -2*q - 4*v = v - 123. Suppose 3*r = q - 14. Suppose -g - r = -5*s, s - 3*g - 9 = 8. List the prime factors of s.
2
Let p(c) = -3*c + 2 + 0*c + 2 - c**3 - 5*c**2. Let a be p(-5). Suppose 3*r + 5*x + 23 = 7*r, 5*x + a = 2*r. What are the prime factors of r?
2
Let d(p) = p**3 - p + 3. Let f(y) = y. Let r be f(0). What are the prime factors of d(r)?
3
Let g = -3 - -6. Suppose g*j - 52 = j. What are the prime factors of j?
2, 13
Suppose 0 = -5*j - 5 - 20. Let p be (6/4)/(j/30). Let u = 18 + p. What are the prime factors of u?
3
Let h(x) = 26*x + 6. What are the prime factors of h(8)?
2, 107
Let y(m) = -150*m + 3. What are the prime factors of y(-2)?
3, 101
Suppose -128 = -h + 5*c, -h = -3*h - 3*c + 191. List the prime factors of h.
103
Let u(d) = 47*d - 8. List the prime factors of u(6).
2, 137
Let r(u) = -10*u - 5. Let m be r(-5). Suppose 5*p - 70 = m. What are the prime factors of p?
23
Let m = 542 - 330. What are the prime factors of m?
2, 53
Let r = 10 - 9. Let n = 24 - r. List the prime factors of n.
23
Suppose -3*i + u - 5*u = -41, 2*i + 5*u - 25 = 0. Let s = i - 5. Suppose -x = x - s. What are the prime factors of x?
5
List the prime factors of (3 - 6) + (1 - (-1 + -36)).
5, 7
Let v(p) = p**3 - 4*p**2 + p + 7. Let j be v(5). List the prime factors of (j + -3)/2 - 3.
2, 7
Let g(n) = 14*n**2 - 6*n - 2. List the prime factors of g(-5).
2, 3, 7
Let z(g) = 8*g**2 - g - 9. What are the prime factors of z(-3)?
2, 3, 11
Suppose -y - 7 - 37 = 0. Let d = y + 75. Suppose -7 = -z + 2*x, -3*z - x = -2*x - d. What are the prime factors of z?
11
Let b = -7 + 4. Let k(l) = l**3 + 5*l**2 + 3*l + 1. What are the prime factors of k(b)?
2, 5
Let f(g) = 5*g**2 - 3*g + 1. Let v(y) = y - 6. Suppose 4*i - 22 = 10. Let z be v(i). List the prime factors of f(z).
3, 5
Let t = 17 - 9. Suppose -s + 3*c = -20 - t, 5*s - c - 98 = 0. List the prime factors of s.
19
Let h = 1 - -8. List the prime factors of h.
3
What are the prime factors of ((-18)/12)/(130/68 - 2)?
17
Let a = 60 + -28. What are the prime factors of a?
2
Suppose -4*r = -50 - 46. What are the prime factors of r?
2, 3
Suppose g + g = -52. Let n = -17 - g. What are the prime factors of n?
3
Suppose 4*c - 24 = -2*n, 5*c = 4*n - 17 - 5. Let m(i) = i**2 - 6*i - 6. Let x be m(n). Let t = x - 0. What are the prime factors of t?
2, 5
Suppose -4 = 4*t, 0*g - 3*t + 47 = 2*g. What are the prime factors of g?
5
Let x = 4 - -70. What are the prime factors of x?
2, 37
Let o(c) = 3*c**3 + 4*c**2 - 32*c. Let w(n) = n**3 + n**2 - 11*n. Let y(u) = 6*o(u) - 17*w(u). What are the prime factors of y(-7)?
5, 7
Let u(o) = o**3 - 7*o**2 + 1. Let g be u(7). Let a be 0 - ((-4 - -1) + g). Suppose 14 + 18 = 4*y - a*n, -2*y - n = -24. List the prime factors of y.
2, 5
Let r(i) = i**3 + 10*i**2 + 15*i + 14. Let u(s) = s**3 + s + 1. Let t(g) = r(g) - 2*u(g). What are the prime factors of t(11)?
2, 17
Let l = 10 + -3. Suppose 5*y = -4*s + 43, -l*s + 4*s - 5*y = -31. Suppose s = 3*g + g. What are the prime factors of g?
3
Suppose 0 = -0*m - 5*m + 170. Let p = m - -28. List the prime factors of (-2)/12 + p/12.
5
Let x be (8/12)/(2/(-3)). Let m be (x/(-1))/3*6. Suppose 36 = 2*o + m*o. What are the prime factors of o?
3
Let a(j) = j**2 - 21. List the prime factors of a(8).
43
Let u = 3 - 2. Let q(s) = -u + 4*s - 2 + s**2 + 0*s - 5*s. What are the prime factors of q(-3)?
3
List the prime factors of (-350)/(-20)*(-12)/(-7).
2, 3, 5
Let h be 160/30*6/(-4). Let l(g) = 15*g**2 - 1. Let j be l(1). Let w = j + h. What are the prime factors of w?
2, 3
Let r = -21 - -34. Suppose 2*v - r - 27 = 0. What are the prime factors of v?
2, 5
What are the prime factors of (63/(-27))/(2/(-210))?
5, 7
Let l = 7 - 3. Suppose -4*t - l*u + 28 = -7*u, u = -t + 14. What are the prime factors of t?
2, 5
Let w = 2 - 2. Let i(s) = s**3 - s**2 + 13. Let b be i(w). Suppose b = -3*n + 4*n - y, -41 = -2*n + 5*y. List the prime factors of n.
2
Let g(a) = 8*a - 4. Let v(m) = 7*m - 3. Let p(j) = 21*j - 9. Let b(d) = 4*p(d) - 11*v(d). Let i(n) = 4*b(n) - 3*g(n). What are the prime factors of i(1)?
2
What are the prime factors of (-2475)/(-33)*(-2)/(-6)?
5
Suppose 125 = 5*f - 270. What are the prime factors of f?
79
Let z = 6 + 24. Let g be 4 + -6 + 8*-1. What are the prime factors of z/(-1)*4/g?
2, 3
Let h = -366 + 584. What are the prime factors of h?
2, 109
Let p be 3 - ((-3)/(-1) - 3). Suppose 3*d + 286 = p*s - d, -378 = -4*s + 2*d. Suppose 6*a = 5*a - n + 23, 4*a - s = -5*n. List the prime factors of a.
3, 7
Suppose 0 = 4*m - 16, 2*x + 78 = 5*m + 284. What are the prime factors of x?
113
What are the prime factors of 30 - 20/(-4 + 9)?
2, 13
Let p = -2 + 1. Let r = 3 + p. What are the prime factors of (-1)/r*-10 + -1?
2
Suppose t + 32 - 107 = 0. What are the prime factors of t?
3, 5
Let n(j) = 6*j - 1. Let d(m) = -5*m + 1. Let z(f) = 5*d(f) + 4*n(f). Let p(x) = 4*x - 5. Let q(k) = -2*p(k) - 9*z(k). List the prime factors of q(2).
3
Let u(c) = -2*c + 33. What are the prime factors of u(0)?
3, 11
Suppose -4*z + 215 + 153 = 0. Suppose -z = 7*i - 11*i. What are the prime factors of i?
23
Suppose -171 = -2*q + 2*b + b, b = 3*q - 246. Suppose 0 = u - 4*u + q. Suppose 18 + u = 5*y. What are the prime factors of y?
3
Let f be (-4)/(-8) + 25/2. Suppose -4*l + 43 = -f. List the prime factors of l.
2, 7
Let i(r) = -r**2 + 2*r + 4. Let o be i(5). List the prime factors of (-5)/((-10)/4) - o.
13
Suppose 0 = i + 3 - 2. Let b = i + 3. What are the prime factors of ((0 - -8)/2)/b?
2
Let m = 9 + -6. Suppose -8*b + m*b + 50 = 0. List the prime factors of b.
2, 5
Suppose -1116 = -14*h + 10*h. What are the prime factors of h?
3, 31
Suppose -11 = 2*c - 53. Suppose 5*k - c = 2*k. List the prime factors of k.
7
Let h = 8 - 4. Suppose 53 = 3*q - h. What are the prime factors of q?
19
Let j(y) = y + 3. Let f be j(-3). Suppose -a - 1 = -f*a + 4*i, -55 = -5*a - 5*i. What are the prime factors of a?
3, 5
Suppose 3*y = -2*y + 235. Let k = -12 + y. What are the prime factors of k?
5, 7
Let j = 2 - -3. Suppose c + 0*c = j. Suppose 0 = 4*h + h + 4*v - 15, -5*v = -c*h + 15. What are the prime factors of h?
3
Let q(y) = -2*y + 1. Let d be q(-2). Suppose -16 = -d*a + 4. Suppose -2*l + a = -4. List the prime factors of l.
2
Suppose -3*c = 4*l - 19, 0*c + 1 = c. Let h = l - 3. What are the prime factors of h/(10/(-12) - -1)?
2, 3
Let h(f) = f**2 + 3*f. Suppose -5*d - 34 - 51 = 0. Let x = d + 12. What are the prime factors of h(x)?
2, 5
Let d = -8 + 4. Let s(i) = -i + 1. What are the prime factors of s(d)?
5
Let s(y) = y**3 + 5*y**2 + y + 4. Let u be s(-5). Let l(x) = 28 - 12*x - 28. What are the prime factors of l(u)?
2, 3
Let c be 3/(-1)*3/9. Let u = c - -3. Suppose 0 = u*q - 2 - 6. What are the prime factors of q?
2
What are the prime factors of (-1)/(8/(-16)) - 91/(-1)?
3, 31
What are the prime factors of -1 + 277 + (-32)/16?
2, 137
Let k be (-8)/(-6)*195/10. Suppose k = i + i. List the prime factors of i.
13
Let o(g) = g**2 + 3. Let u be o(0). Let x be 1 - -2*(-2 - -9). Suppose 0 = -u*f + 8*f - x. What are the prime factor